he units digit of d?
6
Let g = -12 - 0. What is the units digit of (g/(-15))/((-1)/(-30))?
4
Let f be (4/2)/((-2)/(-4)). What is the units digit of f/2 - (-2 - 15)?
9
Suppose 5*l = t + 4*t - 205, -172 = -4*t - 4*l. What is the units digit of t/15 + 3/15?
3
Let d(o) = 2*o + 3. Let q(w) = 2*w**3 + 2*w**2 - 1. Let t be q(1). Let v be d(t). Let x = v - 6. What is the units digit of x?
3
Let w(r) = -3*r - 3. Let l be w(-3). Suppose 8*f - 3*f - 1637 = 3*u, -2*u - 1062 = 4*f. What is the tens digit of 1/l + u/(-42)?
1
Suppose -1072 - 110 = -5*v - r, -4*r + 225 = v. What is the units digit of v?
7
Suppose -2 = y - 3*y. Let i be y/(-4) - 105/(-20). Suppose 10 + 3 = 2*g - i*s, -3*g = 4*s - 31. What is the units digit of g?
9
Let r be (-2)/7 - 876/(-28). Suppose 14 = 2*f + 3*q, 0*q + 2*q = -3*f + r. What is the tens digit of f?
1
Suppose -s + 5*s = -12. What is the tens digit of (1 + s)*186/(-12)?
3
Let r = -33 - -19. Let t be -5*(r/(-10) - 2). Suppose -6*n + 50 = -2*n + x, 2*n + t*x - 30 = 0. What is the tens digit of n?
1
Let n(d) = 3*d - 4. Let m = 11 - 7. Let u be n(m). Suppose 5*f - 22 - u = 0. What is the units digit of f?
6
Suppose 283 = -0*j + 5*j - 4*d, -2*d + 301 = 5*j. What is the tens digit of j?
5
Suppose -q - 4*q - 4*r - 201 = 0, -2*r = 3*q + 119. Let y be q/(-2) - 1/(-2). Suppose -x - 2*c + 8 = -c, -5*x + y = -2*c. What is the units digit of x?
5
Let f(b) be the first derivative of -b**3/3 + 5*b**2 - 6*b + 3. What is the tens digit of f(8)?
1
Suppose 5*n + 1480 = 5*i, 7*i - 2*i = -n + 1510. What is the hundreds digit of i?
3
Let g(i) be the third derivative of -i**6/120 - i**5/60 - i**4/8 - i**3/6 - 2*i**2. What is the units digit of g(-2)?
9
Let j(a) = 13*a - 11. What is the units digit of j(3)?
8
Let h be 10/(-10)*2*-2. Suppose -3*o - 8 = -a, h*a - o - 60 = -3*o. What is the tens digit of a?
1
Let f(q) = -6 - 3*q**3 + 9*q**2 - 4*q + 2*q**3 - q. Let u be f(8). Let t = -11 + u. What is the units digit of t?
7
Let i = 28 - 20. What is the units digit of i?
8
Suppose -19*y - 605 = -24*y. What is the tens digit of y?
2
Suppose 4 = y - 2*y. Let d be (-2)/1 - 1*y. Suppose -4*z = -d*z - 2. What is the units digit of z?
1
Let g = -172 + 340. What is the hundreds digit of g?
1
Suppose -3*p = -0*p - 30. Suppose -2*k + p = 0, o - k = k - 8. What is the units digit of o?
2
Let q = 36 + -13. What is the tens digit of q?
2
Suppose 0 = 4*c - 69 - 75. What is the tens digit of c?
3
What is the units digit of 10/(-45) + (-166)/(-18)?
9
What is the tens digit of (-4188)/(-44) - (-6)/(-33)?
9
Suppose -l = 3*f - 286, -f + 5*f = 4*l - 1064. What is the hundreds digit of l?
2
Let o = 13 - 9. Suppose 2*l - 6 = o*l - b, 3*b = -2*l - 6. What is the tens digit of (24/20)/(l/(-30))?
1
Let o(z) = 2*z**2 - 11*z - 4. Let k(l) = -l**2 - 1. Let b(r) = -k(r) - o(r). What is the tens digit of b(10)?
1
Let a be -4 + 5 - 1/(-1). Suppose x + a*t - 20 = -3*x, -x - t = -6. What is the units digit of 4*x*2/4?
8
Let d = 1 - 5. Let f = d - -19. What is the tens digit of f?
1
Suppose -4*d + 10 = 2. Suppose 0 = d*a - 3*a + 2. What is the units digit of a?
2
Let w(g) = 25*g**2 - 1. What is the tens digit of w(-1)?
2
Suppose -4*q - 9 + 2 = 3*d, 5*d - 5*q = 35. Suppose -4*f + 19 = b, 0*b - 3 = -3*f + d*b. What is the units digit of f?
4
Let z(f) = f**3 + 4*f - 1. Let w(p) = -p**3 - 4*p. Let m(x) = 2*w(x) + 3*z(x). Let d = 8 - 6. What is the units digit of m(d)?
3
Let l(c) = c**2 - 7*c - 11. Let v be l(8). Let t = v - -6. Suppose o + 3*n - 4 = -2, t*n = -4*o + 26. What is the units digit of o?
8
Suppose -430 = -3*r - 4*a, 0*r - 2*r + 310 = -2*a. What is the hundreds digit of r?
1
Suppose w - 4 + 2 = 0. Let f be -2 - (w - (9 - 2)). Let j = 17 - f. What is the tens digit of j?
1
What is the units digit of (3 - 27)/((-12)/6)?
2
Let l(o) = -o**2 - 16*o - 11. Let n be l(-14). Suppose -4*f = -51 - n. What is the tens digit of f?
1
Let u be (-1)/3 - (-1)/3. Suppose u - 12 = 4*m. Let o = 7 + m. What is the units digit of o?
4
Suppose -7*u - 16 = -2*u + 4*s, -20 = -3*u + 5*s. Let q be (-1 - u/2) + 3. What is the units digit of (2/3)/(q/15)?
5
Suppose -3*c + 96 = -0*c. Suppose -5*o + 3*i + 117 = -c, -4*o + 3*i + 118 = 0. What is the units digit of o?
1
Let t be 0/(-2) - 1 - -8. Suppose t*q - 364 = -0*q. What is the units digit of q?
2
Suppose 2*z + j - 374 = 3*j, 2*j = -3*z + 546. What is the units digit of z?
4
Let o(h) = -h**3 - 5*h**2 + 6*h. Let l be o(-6). Suppose 4*n - 14 = -2*k, -n - 5*k + 17 = -l*n. Suppose -n*y = -y - 4. What is the units digit of y?
4
What is the tens digit of (2 - (-67)/(-5))/((-4)/20)?
5
Let o = -1 - 3. Let k be (o/(-6))/((-4)/(-12)). What is the units digit of (-6)/(-4) + (-1)/k?
1
Suppose 2*a = 6 - 0. Suppose -f - 2*g - a*g = 22, g + 8 = f. Suppose -n + f = -10. What is the tens digit of n?
1
What is the units digit of 162/14 + 8/(-14)?
1
Let c be 1 + (0 - -1) - -2. Let k be ((-6)/c)/((-1)/12). Let m = k + -11. What is the units digit of m?
7
Let s = 141 + 15. What is the tens digit of s?
5
Suppose 0 = 5*v - 2*p - 46, 2*v + 2*v + 4*p = 20. Suppose -4*k - 3 = -3*i - v, 4 = 4*k - 4*i. What is the units digit of k?
2
Let z be 2319/(-4) + (-3)/12. What is the units digit of 2/(-6) + z/(-30)?
9
Suppose -4*k + 1 = -19. Suppose -k*n + 62 = -5*x - 3, -5*x - 5 = -n. What is the units digit of n?
5
Let h(x) = x**3 + 6*x**2 - 7*x + 2. Let p be h(-7). Suppose 2*s = q - p*s - 5, 5*q - 6 = s. What is the units digit of q?
1
What is the units digit of 4 - (-122 + -2) - 3?
5
Let w be 11/33 + (-1372)/(-6). Suppose 4*s = -33 + w. What is the tens digit of s?
4
What is the units digit of 9 - -24 - 3/(-3)?
4
Suppose 0 = -0*u + 2*u - 2. What is the units digit of 3 + -1 + u/(-1)?
1
Suppose -52 = -2*i - 0*i. Suppose -y = y - i. Suppose -1 = 2*u - y. What is the units digit of u?
6
Let i(y) = 4*y**2 - 2*y. What is the units digit of i(2)?
2
Suppose 5*g = 12 + 13. What is the units digit of ((-486)/(-45))/(1/g)?
4
Let m(b) = -b**2 - 3 - b - 1 + 5*b + b. Let f be m(5). Let j = 8 + f. What is the units digit of j?
4
What is the tens digit of (3*4)/2*414/27?
9
Suppose -u = 2*u - 9. Let a(x) = x**2 - 2 + x**2 - u*x**2 + 8*x. What is the tens digit of a(6)?
1
Let y be -24 + 1 - (1 + 0). Let o = y + 37. Suppose -o = -4*m + 7. What is the units digit of m?
5
Let l be (1 - 2)*(-3 - -3). Suppose 0*b = 3*p - 2*b - 7, 0 = 5*p - 5*b - 10. Let r = p + l. What is the units digit of r?
3
Let b(s) be the first derivative of -23*s**4/4 + s**3/3 - s**2/2 - s - 3. Let p be b(-1). Suppose -z + p = z. What is the units digit of z?
2
Let d(l) = -2*l**3 - 9*l**2 - 12*l + 1. What is the units digit of d(-6)?
1
Let l = 141 + -219. Let x = l - -118. What is the units digit of x?
0
Suppose -2*k + 0 = 4, 4*u - 26 = 5*k. What is the units digit of 2/u*(3 - -1)?
2
Suppose 5 + 0 = 5*j. What is the units digit of -2 + j + (1 - -2)?
2
Let i = 27 + -17. Let k = -15 - -21. What is the units digit of (-4)/(-10) + k/i?
1
Suppose 5*l - 36 = 14. What is the units digit of (28/l + -3)*-5?
1
Let g be 1/(-4) + (-100)/(-16). Let j = -4 + g. What is the units digit of j?
2
Let y(o) = 6*o. Let a be y(1). Let l = a - 14. What is the units digit of ((-68)/l)/((-2)/(-4))?
7
Suppose 0*n + 40 = 2*n. Suppose -4*d + 2*r + 66 = 0, -2*d + 5*r = -73 + n. What is the units digit of d?
4
Let s = 113 - 61. What is the units digit of (s/8)/((-1)/(-2))?
3
Let l(s) = 19*s + 14*s - 37*s + 3. What is the units digit of l(-3)?
5
Let v(u) = u**3 + 8*u**2 - u + 4. Suppose 0 = 4*p - p + 24. What is the units digit of v(p)?
2
Suppose -5*z = -31 - 89. Suppose -b = 5 - z. What is the tens digit of b?
1
Let i be (-272)/(-64)*-1*4. Let z = -16 + 11. Let u = z - i. What is the tens digit of u?
1
Suppose -6 = g - 3*g. Suppose 2*q = -2*d + 54, -g*q + 31 = d - 6. What is the units digit of d?
2
Let b(g) = -g. Let j(k) = 12*k - 3. Let f(h) = -2*b(h) + j(h). Let o be f(2). Suppose o + 19 = 4*u. What is the tens digit of u?
1
Let u(l) = 2*l**2 + 7*l + 6. Let a be u(-4). Suppose 3*i = 2*i + a. What is the tens digit of i?
1
Let k(f) = f**3 + f**2 - 2*f + 1. Let w(u) = u**3 - 2*u**2 - u. Let s be w(2). What is the units digit of k(s)?
1
Suppose 0 = -2*b - 0*b - 44. Let p = -61 - -30. Let d = b - p. What is the units digit of d?
9
Suppose -3*d + 1275 = 4*t, 3*t = -